{"id":2858,"date":"2022-03-06T11:32:41","date_gmt":"2022-03-06T11:32:41","guid":{"rendered":"https:\/\/securitybeztabu.pl\/akademia\/?page_id=2858"},"modified":"2025-02-09T18:41:01","modified_gmt":"2025-02-09T18:41:01","slug":"home","status":"publish","type":"page","link":"https:\/\/securitybeztabu.pl\/akademia\/","title":{"rendered":"home"},"content":{"rendered":"\t\t<div data-elementor-type=\"wp-page\" data-elementor-id=\"2858\" class=\"elementor elementor-2858\">\n\t\t\t\t\t\t<section class=\"elementor-section elementor-top-section elementor-element elementor-element-c0e0bf8 elementor-section-full_width elementor-section-height-min-height elementor-section-items-stretch elementor-section-height-default\" data-id=\"c0e0bf8\" data-element_type=\"section\" data-e-type=\"section\" data-settings=\"{&quot;background_background&quot;:&quot;classic&quot;}\">\n\t\t\t\t\t\t\t<div class=\"elementor-background-overlay\"><\/div>\n\t\t\t\t\t\t\t<div class=\"elementor-container elementor-column-gap-default\">\n\t\t\t\t\t<div class=\"elementor-column elementor-col-100 elementor-top-column elementor-element elementor-element-319ce39\" data-id=\"319ce39\" data-element_type=\"column\" data-e-type=\"column\" data-settings=\"{&quot;background_background&quot;:&quot;classic&quot;}\">\n\t\t\t<div class=\"elementor-widget-wrap elementor-element-populated\">\n\t\t\t\t\t\t<section class=\"elementor-section elementor-inner-section elementor-element elementor-element-ef6ba03 elementor-section-content-top elementor-section-boxed elementor-section-height-default elementor-section-height-default\" data-id=\"ef6ba03\" data-element_type=\"section\" data-e-type=\"section\">\n\t\t\t\t\t\t<div class=\"elementor-container elementor-column-gap-default\">\n\t\t\t\t\t<div class=\"elementor-column elementor-col-50 elementor-inner-column elementor-element elementor-element-f516125\" data-id=\"f516125\" data-element_type=\"column\" data-e-type=\"column\">\n\t\t\t<div class=\"elementor-widget-wrap elementor-element-populated\">\n\t\t\t\t\t\t<div class=\"elementor-element elementor-element-94879d1 elementor-widget elementor-widget-heading\" data-id=\"94879d1\" data-element_type=\"widget\" data-e-type=\"widget\" data-widget_type=\"heading.default\">\n\t\t\t\t<div class=\"elementor-widget-container\">\n\t\t\t\t\t<h1 class=\"elementor-heading-title elementor-size-default\">Witaj W Miejscu Gdzie Zdob\u0119dziesz Wiedz\u0119 Poprzez Praktyk\u0119<\/h1>\t\t\t\t<\/div>\n\t\t\t\t<\/div>\n\t\t\t\t<div class=\"elementor-element elementor-element-fd82793 elementor-align-left elementor-tablet-align-center elementor-mobile-align-center elementor-widget elementor-widget-button\" data-id=\"fd82793\" data-element_type=\"widget\" data-e-type=\"widget\" data-widget_type=\"button.default\">\n\t\t\t\t<div class=\"elementor-widget-container\">\n\t\t\t\t\t\t\t\t\t<div class=\"elementor-button-wrapper\">\n\t\t\t\t\t<a class=\"elementor-button elementor-button-link elementor-size-lg\" href=\"https:\/\/securitybeztabu.pl\/akademia\/sklep\/\">\n\t\t\t\t\t\t<span class=\"elementor-button-content-wrapper\">\n\t\t\t\t\t\t\t\t\t<span class=\"elementor-button-text\">Sprawd\u017a czym mo\u017cemy Ci\u0119 zaskoczy\u0107<\/span>\n\t\t\t\t\t<\/span>\n\t\t\t\t\t<\/a>\n\t\t\t\t<\/div>\n\t\t\t\t\t\t\t\t<\/div>\n\t\t\t\t<\/div>\n\t\t\t\t\t<\/div>\n\t\t<\/div>\n\t\t\t\t<div class=\"elementor-column elementor-col-50 elementor-inner-column elementor-element elementor-element-c8ff1d4 elementor-hidden-tablet elementor-hidden-phone\" data-id=\"c8ff1d4\" data-element_type=\"column\" data-e-type=\"column\" data-settings=\"{&quot;background_background&quot;:&quot;classic&quot;}\">\n\t\t\t<div class=\"elementor-widget-wrap elementor-element-populated\">\n\t\t\t\t\t\t<div class=\"elementor-element elementor-element-d29eabc elementor-widget elementor-widget-image\" data-id=\"d29eabc\" data-element_type=\"widget\" data-e-type=\"widget\" data-widget_type=\"image.default\">\n\t\t\t\t<div class=\"elementor-widget-container\">\n\t\t\t\t\t\t\t\t\t\t\t\t\t\t\t<img fetchpriority=\"high\" decoding=\"async\" width=\"1200\" height=\"874\" src=\"https:\/\/securitybeztabu.pl\/akademia\/wp-content\/uploads\/2024\/12\/Red-Modern-Blog-LinkedIn-Post-8-e1733392432212.png\" class=\"attachment-full size-full wp-image-10617\" alt=\"\" srcset=\"https:\/\/securitybeztabu.pl\/akademia\/wp-content\/uploads\/2024\/12\/Red-Modern-Blog-LinkedIn-Post-8-e1733392432212.png 1200w, https:\/\/securitybeztabu.pl\/akademia\/wp-content\/uploads\/2024\/12\/Red-Modern-Blog-LinkedIn-Post-8-e1733392432212-300x219.png 300w, https:\/\/securitybeztabu.pl\/akademia\/wp-content\/uploads\/2024\/12\/Red-Modern-Blog-LinkedIn-Post-8-e1733392432212-1024x746.png 1024w, https:\/\/securitybeztabu.pl\/akademia\/wp-content\/uploads\/2024\/12\/Red-Modern-Blog-LinkedIn-Post-8-e1733392432212-768x559.png 768w, https:\/\/securitybeztabu.pl\/akademia\/wp-content\/uploads\/2024\/12\/Red-Modern-Blog-LinkedIn-Post-8-e1733392432212-600x437.png 600w\" sizes=\"(max-width: 1200px) 100vw, 1200px\" \/>\t\t\t\t\t\t\t\t\t\t\t\t\t\t\t<\/div>\n\t\t\t\t<\/div>\n\t\t\t\t\t<\/div>\n\t\t<\/div>\n\t\t\t\t\t<\/div>\n\t\t<\/section>\n\t\t\t\t\t<\/div>\n\t\t<\/div>\n\t\t\t\t\t<\/div>\n\t\t<\/section>\n\t\t\t\t<section class=\"elementor-section elementor-top-section elementor-element elementor-element-339fbff elementor-section-boxed elementor-section-height-default elementor-section-height-default\" data-id=\"339fbff\" data-element_type=\"section\" data-e-type=\"section\">\n\t\t\t\t\t\t<div class=\"elementor-container elementor-column-gap-default\">\n\t\t\t\t\t<div class=\"elementor-column elementor-col-100 elementor-top-column elementor-element elementor-element-f30e0bb\" data-id=\"f30e0bb\" data-element_type=\"column\" data-e-type=\"column\">\n\t\t\t<div class=\"elementor-widget-wrap elementor-element-populated\">\n\t\t\t\t\t\t<div class=\"elementor-element elementor-element-f977887 elementor-widget-divider--view-line elementor-widget elementor-widget-divider\" data-id=\"f977887\" data-element_type=\"widget\" data-e-type=\"widget\" data-widget_type=\"divider.default\">\n\t\t\t\t<div class=\"elementor-widget-container\">\n\t\t\t\t\t\t\t<div class=\"elementor-divider\">\n\t\t\t<span class=\"elementor-divider-separator\">\n\t\t\t\t\t\t<\/span>\n\t\t<\/div>\n\t\t\t\t\t\t<\/div>\n\t\t\t\t<\/div>\n\t\t\t\t\t<\/div>\n\t\t<\/div>\n\t\t\t\t\t<\/div>\n\t\t<\/section>\n\t\t\t\t<section class=\"elementor-section elementor-top-section elementor-element elementor-element-3388af9 elementor-section-boxed elementor-section-height-default elementor-section-height-default\" data-id=\"3388af9\" data-element_type=\"section\" data-e-type=\"section\">\n\t\t\t\t\t\t<div class=\"elementor-container elementor-column-gap-default\">\n\t\t\t\t\t<div class=\"elementor-column elementor-col-100 elementor-top-column elementor-element elementor-element-9a92695\" data-id=\"9a92695\" data-element_type=\"column\" data-e-type=\"column\">\n\t\t\t<div class=\"elementor-widget-wrap elementor-element-populated\">\n\t\t\t\t\t\t<div class=\"elementor-element elementor-element-a4fbc01 elementor-widget elementor-widget-heading\" data-id=\"a4fbc01\" data-element_type=\"widget\" data-e-type=\"widget\" data-widget_type=\"heading.default\">\n\t\t\t\t<div class=\"elementor-widget-container\">\n\t\t\t\t\t<h1 class=\"elementor-heading-title elementor-size-default\">Co wyr\u00f3\u017cnia nasze kursy i produkty?<\/h1>\t\t\t\t<\/div>\n\t\t\t\t<\/div>\n\t\t\t\t\t<\/div>\n\t\t<\/div>\n\t\t\t\t\t<\/div>\n\t\t<\/section>\n\t\t\t\t<section class=\"elementor-section elementor-top-section elementor-element elementor-element-1702832 elementor-section-boxed elementor-section-height-default elementor-section-height-default\" data-id=\"1702832\" data-element_type=\"section\" data-e-type=\"section\">\n\t\t\t\t\t\t<div class=\"elementor-container elementor-column-gap-default\">\n\t\t\t\t\t<div class=\"elementor-column elementor-col-100 elementor-top-column elementor-element elementor-element-513f96c\" data-id=\"513f96c\" data-element_type=\"column\" data-e-type=\"column\">\n\t\t\t<div class=\"elementor-widget-wrap elementor-element-populated\">\n\t\t\t\t\t\t<div class=\"elementor-element elementor-element-e309334 elementor-widget elementor-widget-heading\" data-id=\"e309334\" data-element_type=\"widget\" data-e-type=\"widget\" data-widget_type=\"heading.default\">\n\t\t\t\t<div class=\"elementor-widget-container\">\n\t\t\t\t\t<h2 class=\"elementor-heading-title elementor-size-default\">Nasze produkty robimy jak dla siebie i cz\u0119sto z nich korzystamy, dlatego mo\u017cesz by\u0107 pewien ich wysokiej jako\u015bci.<\/h2>\t\t\t\t<\/div>\n\t\t\t\t<\/div>\n\t\t\t\t<div class=\"elementor-element elementor-element-c8ce855 elementor-align-center elementor-tablet-align-center elementor-mobile-align-center elementor-widget elementor-widget-button\" data-id=\"c8ce855\" data-element_type=\"widget\" data-e-type=\"widget\" data-widget_type=\"button.default\">\n\t\t\t\t<div class=\"elementor-widget-container\">\n\t\t\t\t\t\t\t\t\t<div class=\"elementor-button-wrapper\">\n\t\t\t\t\t<a class=\"elementor-button elementor-button-link elementor-size-lg\" href=\"https:\/\/securitybeztabu.pl\/akademia\/sklep\/\">\n\t\t\t\t\t\t<span class=\"elementor-button-content-wrapper\">\n\t\t\t\t\t\t\t\t\t<span class=\"elementor-button-text\">Sprawd\u017a to<\/span>\n\t\t\t\t\t<\/span>\n\t\t\t\t\t<\/a>\n\t\t\t\t<\/div>\n\t\t\t\t\t\t\t\t<\/div>\n\t\t\t\t<\/div>\n\t\t\t\t<div class=\"elementor-element elementor-element-4af0de6 elementor-widget-divider--view-line elementor-widget elementor-widget-divider\" data-id=\"4af0de6\" data-element_type=\"widget\" data-e-type=\"widget\" data-widget_type=\"divider.default\">\n\t\t\t\t<div class=\"elementor-widget-container\">\n\t\t\t\t\t\t\t<div class=\"elementor-divider\">\n\t\t\t<span class=\"elementor-divider-separator\">\n\t\t\t\t\t\t<\/span>\n\t\t<\/div>\n\t\t\t\t\t\t<\/div>\n\t\t\t\t<\/div>\n\t\t\t\t<div class=\"elementor-element elementor-element-5f8b291 elementor-widget elementor-widget-heading\" data-id=\"5f8b291\" data-element_type=\"widget\" data-e-type=\"widget\" data-widget_type=\"heading.default\">\n\t\t\t\t<div class=\"elementor-widget-container\">\n\t\t\t\t\t<h1 class=\"elementor-heading-title elementor-size-default\">Co otrzymasz?<\/h1>\t\t\t\t<\/div>\n\t\t\t\t<\/div>\n\t\t\t\t\t<\/div>\n\t\t<\/div>\n\t\t\t\t\t<\/div>\n\t\t<\/section>\n\t\t\t\t<section class=\"elementor-section elementor-top-section elementor-element elementor-element-614340f elementor-section-boxed elementor-section-height-default elementor-section-height-default\" data-id=\"614340f\" data-element_type=\"section\" data-e-type=\"section\">\n\t\t\t\t\t\t<div class=\"elementor-container elementor-column-gap-default\">\n\t\t\t\t\t<div class=\"elementor-column elementor-col-33 elementor-top-column elementor-element elementor-element-0d38825\" data-id=\"0d38825\" data-element_type=\"column\" data-e-type=\"column\">\n\t\t\t<div class=\"elementor-widget-wrap elementor-element-populated\">\n\t\t\t\t\t\t<div class=\"elementor-element elementor-element-6b78f60 elementor-widget elementor-widget-image\" data-id=\"6b78f60\" data-element_type=\"widget\" data-e-type=\"widget\" data-widget_type=\"image.default\">\n\t\t\t\t<div class=\"elementor-widget-container\">\n\t\t\t\t\t\t\t\t\t\t\t\t<figure class=\"wp-caption\">\n\t\t\t\t\t\t\t\t\t\t<img decoding=\"async\" width=\"150\" height=\"150\" src=\"https:\/\/securitybeztabu.pl\/akademia\/wp-content\/uploads\/2022\/03\/5-150x150.png\" class=\"attachment-thumbnail size-thumbnail wp-image-2799\" alt=\"\" srcset=\"https:\/\/securitybeztabu.pl\/akademia\/wp-content\/uploads\/2022\/03\/5-150x150.png 150w, https:\/\/securitybeztabu.pl\/akademia\/wp-content\/uploads\/2022\/03\/5-300x300.png 300w, https:\/\/securitybeztabu.pl\/akademia\/wp-content\/uploads\/2022\/03\/5-100x100.png 100w, https:\/\/securitybeztabu.pl\/akademia\/wp-content\/uploads\/2022\/03\/5.png 500w\" sizes=\"(max-width: 150px) 100vw, 150px\" \/>\t\t\t\t\t\t\t\t\t\t\t<figcaption class=\"widget-image-caption wp-caption-text\">Autorski program nauczania<\/figcaption>\n\t\t\t\t\t\t\t\t\t\t<\/figure>\n\t\t\t\t\t\t\t\t\t<\/div>\n\t\t\t\t<\/div>\n\t\t\t\t\t<\/div>\n\t\t<\/div>\n\t\t\t\t<div class=\"elementor-column elementor-col-33 elementor-top-column elementor-element elementor-element-20fd308\" data-id=\"20fd308\" data-element_type=\"column\" data-e-type=\"column\">\n\t\t\t<div class=\"elementor-widget-wrap elementor-element-populated\">\n\t\t\t\t\t\t<div class=\"elementor-element elementor-element-6c5de24 elementor-widget elementor-widget-image\" data-id=\"6c5de24\" data-element_type=\"widget\" data-e-type=\"widget\" data-widget_type=\"image.default\">\n\t\t\t\t<div class=\"elementor-widget-container\">\n\t\t\t\t\t\t\t\t\t\t\t\t<figure class=\"wp-caption\">\n\t\t\t\t\t\t\t\t\t\t<img decoding=\"async\" width=\"150\" height=\"150\" src=\"https:\/\/securitybeztabu.pl\/akademia\/wp-content\/uploads\/2022\/03\/6-150x150.png\" class=\"attachment-thumbnail size-thumbnail wp-image-2802\" alt=\"\" srcset=\"https:\/\/securitybeztabu.pl\/akademia\/wp-content\/uploads\/2022\/03\/6-150x150.png 150w, https:\/\/securitybeztabu.pl\/akademia\/wp-content\/uploads\/2022\/03\/6-300x300.png 300w, https:\/\/securitybeztabu.pl\/akademia\/wp-content\/uploads\/2022\/03\/6-100x100.png 100w, https:\/\/securitybeztabu.pl\/akademia\/wp-content\/uploads\/2022\/03\/6.png 500w\" sizes=\"(max-width: 150px) 100vw, 150px\" \/>\t\t\t\t\t\t\t\t\t\t\t<figcaption class=\"widget-image-caption wp-caption-text\">Nastawienie na praktyk\u0119<\/figcaption>\n\t\t\t\t\t\t\t\t\t\t<\/figure>\n\t\t\t\t\t\t\t\t\t<\/div>\n\t\t\t\t<\/div>\n\t\t\t\t\t<\/div>\n\t\t<\/div>\n\t\t\t\t<div class=\"elementor-column elementor-col-33 elementor-top-column elementor-element elementor-element-bfb493e\" data-id=\"bfb493e\" data-element_type=\"column\" data-e-type=\"column\">\n\t\t\t<div class=\"elementor-widget-wrap elementor-element-populated\">\n\t\t\t\t\t\t<div class=\"elementor-element elementor-element-94e627d elementor-widget elementor-widget-image\" data-id=\"94e627d\" data-element_type=\"widget\" data-e-type=\"widget\" data-widget_type=\"image.default\">\n\t\t\t\t<div class=\"elementor-widget-container\">\n\t\t\t\t\t\t\t\t\t\t\t\t<figure class=\"wp-caption\">\n\t\t\t\t\t\t\t\t\t\t<img loading=\"lazy\" decoding=\"async\" width=\"150\" height=\"150\" src=\"https:\/\/securitybeztabu.pl\/akademia\/wp-content\/uploads\/2022\/03\/8-150x150.png\" class=\"attachment-thumbnail size-thumbnail wp-image-2800\" alt=\"\" srcset=\"https:\/\/securitybeztabu.pl\/akademia\/wp-content\/uploads\/2022\/03\/8-150x150.png 150w, https:\/\/securitybeztabu.pl\/akademia\/wp-content\/uploads\/2022\/03\/8-300x300.png 300w, https:\/\/securitybeztabu.pl\/akademia\/wp-content\/uploads\/2022\/03\/8-100x100.png 100w, https:\/\/securitybeztabu.pl\/akademia\/wp-content\/uploads\/2022\/03\/8.png 500w\" sizes=\"(max-width: 150px) 100vw, 150px\" \/>\t\t\t\t\t\t\t\t\t\t\t<figcaption class=\"widget-image-caption wp-caption-text\">Indywidualne wsparcie autora<\/figcaption>\n\t\t\t\t\t\t\t\t\t\t<\/figure>\n\t\t\t\t\t\t\t\t\t<\/div>\n\t\t\t\t<\/div>\n\t\t\t\t\t<\/div>\n\t\t<\/div>\n\t\t\t\t\t<\/div>\n\t\t<\/section>\n\t\t\t\t<section class=\"elementor-section elementor-top-section elementor-element elementor-element-b36563e elementor-section-boxed elementor-section-height-default elementor-section-height-default\" data-id=\"b36563e\" data-element_type=\"section\" data-e-type=\"section\">\n\t\t\t\t\t\t<div class=\"elementor-container elementor-column-gap-default\">\n\t\t\t\t\t<div class=\"elementor-column elementor-col-33 elementor-top-column elementor-element elementor-element-c8f9e35\" data-id=\"c8f9e35\" data-element_type=\"column\" data-e-type=\"column\">\n\t\t\t<div class=\"elementor-widget-wrap elementor-element-populated\">\n\t\t\t\t\t\t<div class=\"elementor-element elementor-element-cb73076 elementor-widget elementor-widget-image\" data-id=\"cb73076\" data-element_type=\"widget\" data-e-type=\"widget\" data-widget_type=\"image.default\">\n\t\t\t\t<div class=\"elementor-widget-container\">\n\t\t\t\t\t\t\t\t\t\t\t\t<figure class=\"wp-caption\">\n\t\t\t\t\t\t\t\t\t\t<img loading=\"lazy\" decoding=\"async\" width=\"150\" height=\"150\" src=\"https:\/\/securitybeztabu.pl\/akademia\/wp-content\/uploads\/2022\/03\/7-150x150.png\" class=\"attachment-thumbnail size-thumbnail wp-image-2801\" alt=\"\" srcset=\"https:\/\/securitybeztabu.pl\/akademia\/wp-content\/uploads\/2022\/03\/7-150x150.png 150w, https:\/\/securitybeztabu.pl\/akademia\/wp-content\/uploads\/2022\/03\/7-300x300.png 300w, https:\/\/securitybeztabu.pl\/akademia\/wp-content\/uploads\/2022\/03\/7-100x100.png 100w, https:\/\/securitybeztabu.pl\/akademia\/wp-content\/uploads\/2022\/03\/7.png 500w\" sizes=\"(max-width: 150px) 100vw, 150px\" \/>\t\t\t\t\t\t\t\t\t\t\t<figcaption class=\"widget-image-caption wp-caption-text\">Zoptymalizowany program kurs\u00f3w<\/figcaption>\n\t\t\t\t\t\t\t\t\t\t<\/figure>\n\t\t\t\t\t\t\t\t\t<\/div>\n\t\t\t\t<\/div>\n\t\t\t\t\t<\/div>\n\t\t<\/div>\n\t\t\t\t<div class=\"elementor-column elementor-col-33 elementor-top-column elementor-element elementor-element-c680118\" data-id=\"c680118\" data-element_type=\"column\" data-e-type=\"column\">\n\t\t\t<div class=\"elementor-widget-wrap elementor-element-populated\">\n\t\t\t\t\t\t<div class=\"elementor-element elementor-element-4b38548 elementor-widget elementor-widget-image\" data-id=\"4b38548\" data-element_type=\"widget\" data-e-type=\"widget\" data-widget_type=\"image.default\">\n\t\t\t\t<div class=\"elementor-widget-container\">\n\t\t\t\t\t\t\t\t\t\t\t\t<figure class=\"wp-caption\">\n\t\t\t\t\t\t\t\t\t\t<img loading=\"lazy\" decoding=\"async\" width=\"150\" height=\"150\" src=\"https:\/\/securitybeztabu.pl\/akademia\/wp-content\/uploads\/2022\/03\/9-150x150.png\" class=\"attachment-thumbnail size-thumbnail wp-image-2798\" alt=\"\" srcset=\"https:\/\/securitybeztabu.pl\/akademia\/wp-content\/uploads\/2022\/03\/9-150x150.png 150w, https:\/\/securitybeztabu.pl\/akademia\/wp-content\/uploads\/2022\/03\/9-300x300.png 300w, https:\/\/securitybeztabu.pl\/akademia\/wp-content\/uploads\/2022\/03\/9-100x100.png 100w, https:\/\/securitybeztabu.pl\/akademia\/wp-content\/uploads\/2022\/03\/9.png 500w\" sizes=\"(max-width: 150px) 100vw, 150px\" \/>\t\t\t\t\t\t\t\t\t\t\t<figcaption class=\"widget-image-caption wp-caption-text\">Mo\u017cliwo\u015b\u0107 nauki na ka\u017cdej platformie<\/figcaption>\n\t\t\t\t\t\t\t\t\t\t<\/figure>\n\t\t\t\t\t\t\t\t\t<\/div>\n\t\t\t\t<\/div>\n\t\t\t\t\t<\/div>\n\t\t<\/div>\n\t\t\t\t<div class=\"elementor-column elementor-col-33 elementor-top-column elementor-element elementor-element-7e654be\" data-id=\"7e654be\" data-element_type=\"column\" data-e-type=\"column\">\n\t\t\t<div class=\"elementor-widget-wrap elementor-element-populated\">\n\t\t\t\t\t\t<div class=\"elementor-element elementor-element-400896e elementor-widget elementor-widget-image\" data-id=\"400896e\" data-element_type=\"widget\" data-e-type=\"widget\" data-widget_type=\"image.default\">\n\t\t\t\t<div class=\"elementor-widget-container\">\n\t\t\t\t\t\t\t\t\t\t\t\t<figure class=\"wp-caption\">\n\t\t\t\t\t\t\t\t\t\t<img loading=\"lazy\" decoding=\"async\" width=\"150\" height=\"150\" src=\"https:\/\/securitybeztabu.pl\/akademia\/wp-content\/uploads\/2022\/03\/10-150x150.png\" class=\"attachment-thumbnail size-thumbnail wp-image-2803\" alt=\"\" srcset=\"https:\/\/securitybeztabu.pl\/akademia\/wp-content\/uploads\/2022\/03\/10-150x150.png 150w, https:\/\/securitybeztabu.pl\/akademia\/wp-content\/uploads\/2022\/03\/10-300x300.png 300w, https:\/\/securitybeztabu.pl\/akademia\/wp-content\/uploads\/2022\/03\/10-100x100.png 100w, https:\/\/securitybeztabu.pl\/akademia\/wp-content\/uploads\/2022\/03\/10.png 500w\" sizes=\"(max-width: 150px) 100vw, 150px\" \/>\t\t\t\t\t\t\t\t\t\t\t<figcaption class=\"widget-image-caption wp-caption-text\">Spo\u0142eczno\u015b\u0107 pragn\u0105c\u0105 rozwoju<\/figcaption>\n\t\t\t\t\t\t\t\t\t\t<\/figure>\n\t\t\t\t\t\t\t\t\t<\/div>\n\t\t\t\t<\/div>\n\t\t\t\t\t<\/div>\n\t\t<\/div>\n\t\t\t\t\t<\/div>\n\t\t<\/section>\n\t\t\t\t<section class=\"elementor-section elementor-top-section elementor-element elementor-element-a15faf5 elementor-section-boxed elementor-section-height-default elementor-section-height-default\" data-id=\"a15faf5\" data-element_type=\"section\" data-e-type=\"section\">\n\t\t\t\t\t\t<div class=\"elementor-container elementor-column-gap-default\">\n\t\t\t\t\t<div class=\"elementor-column elementor-col-100 elementor-top-column elementor-element elementor-element-e3ecdf1\" data-id=\"e3ecdf1\" data-element_type=\"column\" data-e-type=\"column\">\n\t\t\t<div class=\"elementor-widget-wrap elementor-element-populated\">\n\t\t\t\t\t\t<div class=\"elementor-element elementor-element-aa48904 elementor-widget-divider--view-line elementor-widget elementor-widget-divider\" data-id=\"aa48904\" data-element_type=\"widget\" data-e-type=\"widget\" data-widget_type=\"divider.default\">\n\t\t\t\t<div class=\"elementor-widget-container\">\n\t\t\t\t\t\t\t<div class=\"elementor-divider\">\n\t\t\t<span class=\"elementor-divider-separator\">\n\t\t\t\t\t\t<\/span>\n\t\t<\/div>\n\t\t\t\t\t\t<\/div>\n\t\t\t\t<\/div>\n\t\t\t\t\t<\/div>\n\t\t<\/div>\n\t\t\t\t\t<\/div>\n\t\t<\/section>\n\t\t\t\t<section class=\"elementor-section elementor-top-section elementor-element elementor-element-312878a elementor-section-boxed elementor-section-height-default elementor-section-height-default\" data-id=\"312878a\" data-element_type=\"section\" data-e-type=\"section\">\n\t\t\t\t\t\t<div class=\"elementor-container elementor-column-gap-default\">\n\t\t\t\t\t<div class=\"elementor-column elementor-col-100 elementor-top-column elementor-element elementor-element-7853d9d\" data-id=\"7853d9d\" data-element_type=\"column\" data-e-type=\"column\">\n\t\t\t<div class=\"elementor-widget-wrap elementor-element-populated\">\n\t\t\t\t\t\t<div class=\"elementor-element elementor-element-f698c57 elementor-align-center elementor-tablet-align-center elementor-mobile-align-center elementor-widget elementor-widget-button\" data-id=\"f698c57\" data-element_type=\"widget\" data-e-type=\"widget\" data-widget_type=\"button.default\">\n\t\t\t\t<div class=\"elementor-widget-container\">\n\t\t\t\t\t\t\t\t\t<div class=\"elementor-button-wrapper\">\n\t\t\t\t\t<a class=\"elementor-button elementor-button-link elementor-size-lg\" href=\"https:\/\/securitybeztabu.pl\/akademia\/sklep\/\">\n\t\t\t\t\t\t<span class=\"elementor-button-content-wrapper\">\n\t\t\t\t\t\t\t\t\t<span class=\"elementor-button-text\">Sprawd\u017a czym mo\u017cemy Ci\u0119 zaskoczy\u0107<\/span>\n\t\t\t\t\t<\/span>\n\t\t\t\t\t<\/a>\n\t\t\t\t<\/div>\n\t\t\t\t\t\t\t\t<\/div>\n\t\t\t\t<\/div>\n\t\t\t\t\t<\/div>\n\t\t<\/div>\n\t\t\t\t\t<\/div>\n\t\t<\/section>\n\t\t\t\t<\/div>\n\t\t","protected":false},"excerpt":{"rendered":"<p>Witaj W Miejscu Gdzie Zdob\u0119dziesz Wiedz\u0119 Poprzez Praktyk\u0119 Sprawd\u017a czym mo\u017cemy Ci\u0119 zaskoczy\u0107 Co wyr\u00f3\u017cnia nasze kursy i produkty? Nasze produkty robimy jak dla siebie i cz\u0119sto z nich korzystamy, dlatego mo\u017cesz by\u0107 pewien ich wysokiej jako\u015bci. Sprawd\u017a to Co otrzymasz? Autorski program nauczania Nastawienie na praktyk\u0119 Indywidualne wsparcie autora Zoptymalizowany program kurs\u00f3w Mo\u017cliwo\u015b\u0107 nauki&#8230;<\/p>\n","protected":false},"author":1,"featured_media":0,"parent":0,"menu_order":0,"comment_status":"closed","ping_status":"closed","template":"","meta":{"_kadence_starter_templates_imported_post":false,"_kad_post_transparent":"","_kad_post_title":"hide","_kad_post_layout":"fullwidth","_kad_post_sidebar_id":"","_kad_post_content_style":"unboxed","_kad_post_vertical_padding":"hide","_kad_post_feature":"hide","_kad_post_feature_position":"","_kad_post_header":false,"_kad_post_footer":false,"_kad_post_classname":"","footnotes":""},"class_list":["post-2858","page","type-page","status-publish","hentry"],"_links":{"self":[{"href":"https:\/\/securitybeztabu.pl\/akademia\/wp-json\/wp\/v2\/pages\/2858","targetHints":{"allow":["GET"]}}],"collection":[{"href":"https:\/\/securitybeztabu.pl\/akademia\/wp-json\/wp\/v2\/pages"}],"about":[{"href":"https:\/\/securitybeztabu.pl\/akademia\/wp-json\/wp\/v2\/types\/page"}],"author":[{"embeddable":true,"href":"https:\/\/securitybeztabu.pl\/akademia\/wp-json\/wp\/v2\/users\/1"}],"replies":[{"embeddable":true,"href":"https:\/\/securitybeztabu.pl\/akademia\/wp-json\/wp\/v2\/comments?post=2858"}],"version-history":[{"count":59,"href":"https:\/\/securitybeztabu.pl\/akademia\/wp-json\/wp\/v2\/pages\/2858\/revisions"}],"predecessor-version":[{"id":10952,"href":"https:\/\/securitybeztabu.pl\/akademia\/wp-json\/wp\/v2\/pages\/2858\/revisions\/10952"}],"wp:attachment":[{"href":"https:\/\/securitybeztabu.pl\/akademia\/wp-json\/wp\/v2\/media?parent=2858"}],"curies":[{"name":"wp","href":"https:\/\/api.w.org\/{rel}","templated":true}]}}